 Let o be p(8). Let f be o/25 + 1076/10. Suppose 0 = -d - 0*d + f. What is the highest common factor of d and 12?
12
Suppose -n - n = -174. Calculate the highest common factor of 3 and n.
3
Let p = -65 - -150. Let l be -1 - (3/12 - 582/24). Let n = l + p. What is the greatest common factor of n and 12?
12
Suppose -6*c + 24*c = 864. Calculate the highest common factor of 30 and c.
6
Let v(u) = 4*u**2 - 14*u + 3. Let g be v(4). Suppose 4*q + 5*s = 492, -300 = -2*q + 2*s - 36. Let h = 249 - q. What is the greatest common divisor of h and g?
11
Let u = 1 - -6. Let b = 22 - u. Calculate the highest common factor of b and 60.
15
Let o = 699 + -685. Suppose -3*k = -252 - 210. What is the highest common factor of k and o?
14
Suppose -2*b = 4*s + 94 - 338, 4*s + 8 = 0. What is the greatest common divisor of b and 105?
21
Let o = 16 - 6. Let b = 7 + -8. Let s be b + 14 + (-24)/8. Calculate the highest common factor of s and o.
10
Suppose -17*t + 21*t - 460 = 0. Let g = t - -2. Calculate the greatest common factor of g and 78.
39
Suppose 0*p - 5*p - 71 = -4*z, 3*p = 4*z - 65. Suppose 2*a - z = 22. What is the greatest common divisor of a and 144?
18
Let t be 4*((-6279)/(-196) + 20/28). Calculate the greatest common factor of 524 and t.
131
Suppose 6*n - 10*n = 0. Suppose n*d = d. Suppose 4*v - 133 + 25 = d. What is the highest common factor of v and 3?
3
Let a be (12/10)/(72/6000). Suppose 5*b + 9 = 109. Calculate the greatest common factor of b and a.
20
Let f be ((-14)/(-6))/(5/90). Suppose 2*r - 54 = -5*w - 14, 0 = -5*w - r + 40. Suppose -w*k = -6*k - 210. Calculate the greatest common divisor of f and k.
21
Suppose 0 = -w - 3*w + 72. Suppose -4*b - 14 = -3*c + 2*c, -3*c - 4*b + 10 = 0. Suppose 5*v = c*v - w. What is the highest common divisor of v and 6?
6
Let s(h) be the second derivative of -5*h**3/3 - 4*h**2 - 23*h. Let l be s(-2). Calculate the highest common divisor of 84 and l.
12
Let q(y) = y + 105. Let c be q(0). Suppose -13*b + 14*b - 76 = -3*u, 5*u - 10 = 0. What is the highest common divisor of c and b?
35
Let n be (-9)/((-2)/((-28)/(-12) - -5)). Calculate the highest common factor of n and 429.
33
Let p(h) = 2*h - 7. Let l be 72/15 - (-12)/(-15). Suppose -46 = -l*g + 3*c, -5*g + c + 40 = -23. Let j be p(g). What is the highest common divisor of j and 133?
19
Let c = 635 + -619. Calculate the highest common factor of 3056 and c.
16
Suppose 8*c - 9 - 71 = 0. Calculate the highest common factor of 38 and c.
2
Suppose 0 = -7*b + 3*b. Suppose 2*o + 2*o = b. Suppose o = 5*c - 45 - 30. What is the highest common factor of c and 5?
5
Let c = 612 + -603. Calculate the highest common divisor of 48 and c.
3
Let t = -335 - -456. What is the highest common divisor of t and 99?
11
Let b(s) = s**3 + 2*s**2 + 2. Let i be b(-2). Let a = 45 - 50. Let x be (2 - 1)/1*(-5)/a. Calculate the highest common divisor of x and i.
1
Let o = -31 - -41. Let j be 12/o*(-20)/(-6). Calculate the highest common divisor of 2 and j.
2
Let o = -390 + 1027. Calculate the greatest common divisor of o and 182.
91
Let x be ((-10)/25)/(6/(-1245)). Suppose 2*j - x + 13 = 0. What is the highest common divisor of 21 and j?
7
Suppose -4*j + 7 = -3*s, 2*s - 2*j = -4 + 2. Suppose -s*q = 3*v + 354, -5*v + 4*q + q = 570. Let c = -46 - v. Calculate the greatest common divisor of 14 and c.
14
Let x be (-1)/8 - (-2650)/80. Calculate the highest common divisor of x and 561.
33
Suppose 8*i - 16*i + 192 = 0. Let n be 2272/i + (-2)/(-6). What is the greatest common factor of n and 38?
19
Let x = 85 + -3. Let g = x + -57. Calculate the highest common divisor of g and 50.
25
Let z(c) = 14*c + 6. Let y be z(-2). Let w = 42 + y. What is the greatest common factor of w and 4?
4
Let u = 63 - 65. Let m be (u - 3)*(-1638)/35. Calculate the highest common divisor of m and 18.
18
Suppose f + 4*q = 2 - 6, 2 = f + q. Suppose -z + 4*x = f*z - 1336, -z + x = -268. Calculate the greatest common factor of z and 24.
24
Suppose 2*r = r + 2, r - 5 = -k. Suppose 3*t + 15 = m + 4*m, 0 = m - k*t - 3. Suppose m*g - 2*g = 20. What is the highest common factor of g and 50?
10
Let w = 259 + -161. Let a(j) = j**3 + 12*j**2 + 10*j + 3. Let l be a(-11). What is the highest common factor of w and l?
14
Let j = 8 - 37. Suppose 0 = -5*z - 0*z - 2*x + 232, 0 = 2*z - 3*x - 108. Let b = j + z. Calculate the highest common divisor of 152 and b.
19
Let f = 327 + -267. Calculate the highest common divisor of 160 and f.
20
Suppose -19*v = -11*v - 216. Suppose 3*y = -3*o + 579, -3*o - 2*o = -3*y + 547. What is the highest common factor of v and y?
27
Let r(j) = 20*j**3 + 2*j - 2. Suppose 2 = -3*s + 5*s. Let v be r(s). Calculate the greatest common divisor of 180 and v.
20
Let o(p) = -p**2 + 14*p - 16. Let j(k) = -k - 4. Suppose -c = 7 + 9. Let v be j(c). Let y be o(v). What is the highest common divisor of 64 and y?
8
Let q = -11 - -15. Suppose 3*l - q*a + 58 = 0, -2*l - 2*a - 37 = -5*a. Let o = l + 46. What is the greatest common factor of o and 220?
20
Let d(w) be the first derivative of -w**3/3 - 11*w**2/2 + 33*w + 15. Let k be d(-13). Calculate the greatest common factor of k and 28.
7
Let v(k) = -26*k + 2148. Let x be v(82). Let a be -4*(1*-1 - 0). Calculate the greatest common factor of x and a.
4
Let k(h) = -7*h - 156. Let u be k(-30). What is the highest common divisor of 306 and u?
18
Let k be 121 + -131 + 12*1. Suppose h + 4*h - 15 = 0, -4*h + 28 = 4*z. Calculate the greatest common divisor of k and z.
2
Let t be (-1 + -2 + 8)/1. Let j be -2 - (3 - (t + 2)). Suppose 5*x - 85 = -4*y, -6*y = -j*y + 2*x - 82. Calculate the greatest common factor of y and 60.
20
Let b be (-2 + (-20)/(-8))*156. Calculate the greatest common divisor of b and 26.
26
Let p = 1446 + -1083. What is the greatest common divisor of p and 66?
33
Let s = -4324 - -4342. Let x be 72/1*-1*-1. What is the highest common divisor of s and x?
18
Suppose -7*a + 78 + 48 = 0. Let v be (-2)/6 + (-866)/(-6). Suppose d = 3*d - v. Calculate the highest common divisor of a and d.
18
Suppose -16 = 11*s - 412. What is the highest common factor of 36 and s?
36
Suppose -4*j + 3*h + 29 = 0, j - 4*h = 1 + 3. Suppose -j*l + 111 = 31. What is the greatest common factor of l and 150?
10
Let c(p) = -p**2 - 18*p + 76. Let k be c(-16). What is the greatest common divisor of k and 1242?
54
Let p be (54/(-4))/((-5)/10). Let q(k) = 3 - 17 + 5 + 3*k. Let f be q(4). What is the greatest common factor of p and f?
3
Let t be (3836/42)/((-4)/(-6)). Suppose -3*c + t = 17. Calculate the greatest common divisor of c and 5.
5
Let i(t) = 2*t**2 - 26*t + 5. Let q be i(13). Suppose -q*l + 77 = j, 51 = 3*l - 4*j + 3*j. What is the greatest common divisor of l and 16?
16
Suppose -2*q = 3 - 5. Let k(m) = 3*m + 21. Let x be k(-9). Let b(p) = -3*p - 11. Let u be b(x). What is the highest common divisor of u and q?
1
Suppose 2*c - 130 - 10 = 0. Suppose c + 2 = t. Calculate the highest common factor of t and 9.
9
Let p(t) = 3*t**2 + 76*t + 71. Let o be p(-25). Calculate the highest common divisor of 2 and o.
2
Let g(b) = -3*b + 59. Let p be g(18). Suppose 0*a - 3*a + 70 = -4*d, 4*a - p*d = 93. What is the greatest common divisor of 88 and a?
22
Let v = 122 - 76. Let h be (-3)/((-9)/v) + 34/(-102). Calculate the greatest common divisor of 30 and h.
15
Let v(g) = g**2 + 4*g. Let o be v(12). Let h = o + -104. Calculate the greatest common factor of h and 11.
11
Suppose -k - 32 = -65. Calculate the greatest common divisor of 429 and k.
33
Let j be (9/12)/((-2)/(-16)). Let x = 7 - j. Let v be (65 - x)*5/10. Calculate the highest common divisor of v and 48.
16
Let d(r) = r + 20. Let i be d(0). Let n(f) = -115*f + 695. Let s be n(6). Calculate the greatest common divisor of i and s.
5
Let q(k) = 2*k**2 + 5*k. Let v be q(-4). What is the greatest common factor of 348 and v?
12
Let d be -1 - 0*3/(-15). Let j be 3*((-8)/(-6) + d/3). What is the greatest common factor of 3 and j?
3
Let d(w) = -w**3 - 7*w**2 + 20*w + 30. Let p be d(-9). Calculate the highest common factor of p and 60.
12
Let d(q) = -12*q - q**3 + 31*q + 101*q**2 - 95*q**2 + 4. Let l be d(7). Calculate the highest common factor of l and 11.
11
Suppose -11*j - 281 + 512 = 0. Calculate the greatest common divisor of j and 140.
7
Let d = 6 + 9. Su